[INFO] cloning repository https://github.com/stevekane/rusty
[INFO] running `Command { std: "git" "-c" "credential.helper=" "-c" "credential.helper=/workspace/cargo-home/bin/git-credential-null" "clone" "--bare" "https://github.com/stevekane/rusty" "/workspace/cache/git-repos/https%3A%2F%2Fgithub.com%2Fstevekane%2Frusty", kill_on_drop: false }`
[INFO] [stderr] Cloning into bare repository '/workspace/cache/git-repos/https%3A%2F%2Fgithub.com%2Fstevekane%2Frusty'...
[INFO] running `Command { std: "git" "rev-parse" "HEAD", kill_on_drop: false }`
[INFO] [stdout] 6ec16557fbf01a6531921562a862234e697104df
[INFO] checking stevekane/rusty against master#cfbc6d4cf1acbac5c025acf8ed68929caa551df3 for pr-75494-beta
[INFO] running `Command { std: "git" "clone" "/workspace/cache/git-repos/https%3A%2F%2Fgithub.com%2Fstevekane%2Frusty" "/workspace/builds/worker-9/source", kill_on_drop: false }`
[INFO] [stderr] Cloning into '/workspace/builds/worker-9/source'...
[INFO] [stderr] done.
[INFO] validating manifest of git repo https://github.com/stevekane/rusty on toolchain cfbc6d4cf1acbac5c025acf8ed68929caa551df3
[INFO] running `Command { std: "/workspace/cargo-home/bin/cargo" "+cfbc6d4cf1acbac5c025acf8ed68929caa551df3" "read-manifest" "--manifest-path" "Cargo.toml", kill_on_drop: false }`
[INFO] started tweaking git repo https://github.com/stevekane/rusty
[INFO] finished tweaking git repo https://github.com/stevekane/rusty
[INFO] tweaked toml for git repo https://github.com/stevekane/rusty written to /workspace/builds/worker-9/source/Cargo.toml
[INFO] crate git repo https://github.com/stevekane/rusty already has a lockfile, it will not be regenerated
[INFO] running `Command { std: "/workspace/cargo-home/bin/cargo" "+cfbc6d4cf1acbac5c025acf8ed68929caa551df3" "fetch" "--locked" "--manifest-path" "Cargo.toml", kill_on_drop: false }`
[INFO] [stderr] error: the lock file /workspace/builds/worker-9/source/Cargo.lock needs to be updated but --locked was passed to prevent this
[INFO] [stderr] If you want to try to generate the lock file without accessing the network, use the --offline flag.
[INFO] the lockfile is outdated, regenerating it
[INFO] running `Command { std: "/workspace/cargo-home/bin/cargo" "+cfbc6d4cf1acbac5c025acf8ed68929caa551df3" "generate-lockfile" "--manifest-path" "Cargo.toml" "-Zno-index-update", kill_on_drop: false }`
[INFO] running `Command { std: "/workspace/cargo-home/bin/cargo" "+cfbc6d4cf1acbac5c025acf8ed68929caa551df3" "fetch" "--locked" "--manifest-path" "Cargo.toml", kill_on_drop: false }`
[INFO] [stderr]     Blocking waiting for file lock on package cache
[INFO] [stderr]  Downloading crates ...
[INFO] [stderr]   Downloaded smallvec v0.1.8
[INFO] [stderr]   Downloaded png v0.16.7
[INFO] [stderr]   Downloaded target_build_utils v0.3.1
[INFO] [stderr]   Downloaded wayland-client v0.5.12
[INFO] [stderr]   Downloaded crossbeam v0.2.12
[INFO] [stderr]   Downloaded memmap v0.2.3
[INFO] [stderr]   Downloaded core-graphics-types v0.1.0
[INFO] [stderr]   Downloaded xml-rs v0.2.2
[INFO] [stderr]   Downloaded shared_library v0.1.9
[INFO] [stderr]   Downloaded glutin v0.4.9
[INFO] [stderr]   Downloaded xml-rs v0.6.1
[INFO] [stderr]   Downloaded core-graphics v0.3.2
[INFO] [stderr]   Downloaded cocoa v0.2.5
[INFO] [stderr]   Downloaded serde v0.9.15
[INFO] [stderr]   Downloaded xml-rs v0.1.26
[INFO] [stderr]   Downloaded gl_generator v0.2.0
[INFO] [stderr]   Downloaded cgmath v0.2.0
[INFO] [stderr]   Downloaded serde v0.7.15
[INFO] [stderr]   Downloaded gleam v0.2.32
[INFO] [stderr]   Downloaded deflate v0.8.6
[INFO] [stderr]   Downloaded cgmath v0.4.0
[INFO] [stderr]   Downloaded dbghelp-sys v0.2.0
[INFO] [stderr]   Downloaded debug-builders v0.1.0
[INFO] [stderr]   Downloaded android_glue v0.1.3
[INFO] [stderr]   Downloaded backtrace-sys v0.1.37
[INFO] [stderr]   Downloaded gl_generator v0.5.5
[INFO] [stderr]   Downloaded objc v0.1.8
[INFO] [stderr]   Downloaded byteorder v0.3.13
[INFO] [stderr]   Downloaded wayland-sys v0.5.11
[INFO] [stderr]   Downloaded core-foundation-sys v0.8.0
[INFO] [stderr]   Downloaded lzw v0.8.0
[INFO] [stderr]   Downloaded core-foundation v0.9.0
[INFO] [stderr]   Downloaded dlib v0.3.1
[INFO] [stderr]   Downloaded cgl v0.1.5
[INFO] [stderr]   Downloaded backtrace v0.1.8
[INFO] [stderr]   Downloaded image v0.23.8
[INFO] [stderr]   Downloaded bitflags v0.3.3
[INFO] [stderr]   Downloaded khronos_api v1.0.1
[INFO] [stderr]   Downloaded dylib v0.0.1
[INFO] [stderr]   Downloaded enum_primitive v0.0.1
[INFO] [stderr]   Downloaded gif v0.5.1
[INFO] [stderr]   Downloaded png v0.3.1
[INFO] [stderr]   Downloaded nalgebra v0.3.2
[INFO] [stderr]   Downloaded khronos_api v0.0.8
[INFO] [stderr]   Downloaded gl_generator v0.4.2
[INFO] [stderr]   Downloaded bytemuck v1.3.1
[INFO] [stderr]   Downloaded adler32 v1.2.0
[INFO] [stderr]   Downloaded miniz_oxide v0.3.7
[INFO] [stderr]   Downloaded tiff v0.5.0
[INFO] [stderr]   Downloaded fs2 v0.2.5
[INFO] [stderr]   Downloaded glium v0.11.1
[INFO] [stderr]   Downloaded jpeg-decoder v0.1.20
[INFO] [stderr]   Downloaded dwmapi-sys v0.1.1
[INFO] [stderr]   Downloaded wayland-kbd v0.3.6
[INFO] [stderr]   Downloaded image v0.4.1
[INFO] [stderr]   Downloaded core-graphics v0.22.0
[INFO] [stderr]   Downloaded malloc_buf v0.0.6
[INFO] [stderr]   Downloaded osmesa-sys v0.0.5
[INFO] [stderr]   Downloaded libloading v0.3.4
[INFO] [stderr]   Downloaded tempfile v2.2.0
[INFO] [stderr]   Downloaded wayland-scanner v0.5.11
[INFO] [stderr]   Downloaded x11-dl v2.3.1
[INFO] [stderr]   Downloaded wayland-window v0.2.3
[INFO] [stderr]   Downloaded flate2 v1.0.17
[INFO] running `Command { std: "docker" "create" "-v" "/var/lib/crater-agent-workspace/builds/worker-9/target:/opt/rustwide/target:rw,Z" "-v" "/var/lib/crater-agent-workspace/builds/worker-9/source:/opt/rustwide/workdir:ro,Z" "-v" "/var/lib/crater-agent-workspace/cargo-home:/opt/rustwide/cargo-home:ro,Z" "-v" "/var/lib/crater-agent-workspace/rustup-home:/opt/rustwide/rustup-home:ro,Z" "-e" "SOURCE_DIR=/opt/rustwide/workdir" "-e" "CARGO_TARGET_DIR=/opt/rustwide/target" "-e" "CARGO_HOME=/opt/rustwide/cargo-home" "-e" "RUSTUP_HOME=/opt/rustwide/rustup-home" "-w" "/opt/rustwide/workdir" "-m" "1610612736" "--user" "0:0" "--network" "none" "rustops/crates-build-env@sha256:a636fd89d022f18117e1dc8fb37a0a009933cdbbe082814857f0e2024962d47c" "/opt/rustwide/cargo-home/bin/cargo" "+cfbc6d4cf1acbac5c025acf8ed68929caa551df3" "metadata" "--no-deps" "--format-version=1", kill_on_drop: false }`
[INFO] [stdout] ff4fe4edcf0edc973ca9293bdee3ffda250f56cfc1c7f323851f25553da24fb6
[INFO] [stderr] WARNING: Your kernel does not support swap limit capabilities or the cgroup is not mounted. Memory limited without swap.
[INFO] running `Command { std: "docker" "start" "-a" "ff4fe4edcf0edc973ca9293bdee3ffda250f56cfc1c7f323851f25553da24fb6", kill_on_drop: false }`
[INFO] running `Command { std: "docker" "inspect" "ff4fe4edcf0edc973ca9293bdee3ffda250f56cfc1c7f323851f25553da24fb6", kill_on_drop: false }`
[INFO] running `Command { std: "docker" "rm" "-f" "ff4fe4edcf0edc973ca9293bdee3ffda250f56cfc1c7f323851f25553da24fb6", kill_on_drop: false }`
[INFO] [stdout] ff4fe4edcf0edc973ca9293bdee3ffda250f56cfc1c7f323851f25553da24fb6
[INFO] running `Command { std: "docker" "create" "-v" "/var/lib/crater-agent-workspace/builds/worker-9/target:/opt/rustwide/target:rw,Z" "-v" "/var/lib/crater-agent-workspace/builds/worker-9/source:/opt/rustwide/workdir:ro,Z" "-v" "/var/lib/crater-agent-workspace/cargo-home:/opt/rustwide/cargo-home:ro,Z" "-v" "/var/lib/crater-agent-workspace/rustup-home:/opt/rustwide/rustup-home:ro,Z" "-e" "SOURCE_DIR=/opt/rustwide/workdir" "-e" "CARGO_TARGET_DIR=/opt/rustwide/target" "-e" "CARGO_INCREMENTAL=0" "-e" "RUST_BACKTRACE=full" "-e" "RUSTFLAGS=--cap-lints=forbid" "-e" "CARGO_HOME=/opt/rustwide/cargo-home" "-e" "RUSTUP_HOME=/opt/rustwide/rustup-home" "-w" "/opt/rustwide/workdir" "-m" "1610612736" "--user" "0:0" "--network" "none" "rustops/crates-build-env@sha256:a636fd89d022f18117e1dc8fb37a0a009933cdbbe082814857f0e2024962d47c" "/opt/rustwide/cargo-home/bin/cargo" "+cfbc6d4cf1acbac5c025acf8ed68929caa551df3" "check" "--frozen" "--all" "--all-targets" "--message-format=json", kill_on_drop: false }`
[INFO] [stdout] 2096e1176a0e3e31e601a71eb8855768eb0b5c591b509767f285349aa8178bf7
[INFO] [stderr] WARNING: Your kernel does not support swap limit capabilities or the cgroup is not mounted. Memory limited without swap.
[INFO] running `Command { std: "docker" "start" "-a" "2096e1176a0e3e31e601a71eb8855768eb0b5c591b509767f285349aa8178bf7", kill_on_drop: false }`
[INFO] [stderr]    Compiling autocfg v1.0.1
[INFO] [stderr]    Compiling autocfg v0.1.7
[INFO] [stderr]    Compiling rand_core v0.4.2
[INFO] [stderr]    Compiling siphasher v0.2.3
[INFO] [stderr]    Compiling itoa v0.3.4
[INFO] [stderr]    Compiling dtoa v0.4.6
[INFO] [stderr]    Compiling winapi-build v0.1.1
[INFO] [stderr]    Compiling serde v0.9.15
[INFO] [stderr]     Checking rustc-serialize v0.3.24
[INFO] [stderr]    Compiling version_check v0.9.2
[INFO] [stderr]    Compiling maybe-uninit v2.0.0
[INFO] [stderr]    Compiling bitflags v0.7.0
[INFO] [stderr]    Compiling getrandom v0.1.14
[INFO] [stderr]     Checking winapi v0.2.8
[INFO] [stderr]     Checking lazy_static v0.2.11
[INFO] [stderr]    Compiling proc-macro2 v1.0.19
[INFO] [stderr]    Compiling unicode-xid v0.2.1
[INFO] [stderr]     Checking lazy_static v0.1.16
[INFO] [stderr]    Compiling bitflags v0.3.3
[INFO] [stderr]    Compiling rayon-core v1.7.1
[INFO] [stderr]     Checking scopeguard v1.1.0
[INFO] [stderr]     Checking ppv-lite86 v0.2.9
[INFO] [stderr]    Compiling cc v1.0.59
[INFO] [stderr]    Compiling syn v1.0.39
[INFO] [stderr]     Checking adler v0.2.3
[INFO] [stderr]    Compiling khronos_api v0.0.8
[INFO] [stderr]     Checking byteorder v0.5.3
[INFO] [stderr]     Checking either v1.6.0
[INFO] [stderr]     Checking lzw v0.8.0
[INFO] [stderr]     Checking lzw v0.10.0
[INFO] [stderr]    Compiling proc-macro-hack v0.5.18
[INFO] [stderr]     Checking byteorder v0.3.13
[INFO] [stderr]     Checking debug-builders v0.1.0
[INFO] [stderr]     Checking bytemuck v1.3.1
[INFO] [stderr]     Checking smallvec v0.1.8
[INFO] [stderr]     Checking libc v0.1.12
[INFO] [stderr]    Compiling xml-rs v0.3.6
[INFO] [stderr]    Compiling rand_core v0.3.1
[INFO] [stderr]    Compiling rand_jitter v0.1.4
[INFO] [stderr]    Compiling kernel32-sys v0.2.2
[INFO] [stderr]    Compiling dbghelp-sys v0.2.0
[INFO] [stderr]    Compiling xml-rs v0.2.2
[INFO] [stderr]     Checking miniz_oxide v0.3.7
[INFO] [stderr]    Compiling phf_shared v0.7.24
[INFO] [stderr]     Checking miniz_oxide v0.4.1
[INFO] [stderr]    Compiling standback v0.2.10
[INFO] [stderr]    Compiling time v0.2.16
[INFO] [stderr]     Checking gif v0.5.1
[INFO] [stderr]     Checking gif v0.10.3
[INFO] [stderr]    Compiling libc v0.2.76
[INFO] [stderr]    Compiling bitflags v1.2.1
[INFO] [stderr]    Compiling log v0.4.11
[INFO] [stderr]     Checking crc32fast v1.2.0
[INFO] [stderr]    Compiling rand_pcg v0.1.2
[INFO] [stderr]    Compiling rand_chacha v0.1.1
[INFO] [stderr]    Compiling rand v0.6.5
[INFO] [stderr]    Compiling rand_isaac v0.1.1
[INFO] [stderr]    Compiling rand_hc v0.1.0
[INFO] [stderr]    Compiling rand_xorshift v0.1.1
[INFO] [stderr]    Compiling num-traits v0.2.12
[INFO] [stderr]    Compiling num-integer v0.1.43
[INFO] [stderr]    Compiling num-iter v0.1.41
[INFO] [stderr]    Compiling num-bigint v0.3.0
[INFO] [stderr]    Compiling num-rational v0.3.0
[INFO] [stderr]    Compiling crossbeam-utils v0.7.2
[INFO] [stderr]    Compiling memoffset v0.5.5
[INFO] [stderr]    Compiling crossbeam-epoch v0.8.2
[INFO] [stderr]    Compiling rayon v1.3.1
[INFO] [stderr]    Compiling phf v0.7.24
[INFO] [stderr]     Checking rand v0.4.6
[INFO] [stderr]     Checking dylib v0.0.1
[INFO] [stderr]     Checking shared_library v0.1.9
[INFO] [stderr]    Compiling xml-rs v0.1.26
[INFO] [stderr]     Checking deflate v0.8.6
[INFO] [stderr]     Checking tiff v0.5.0
[INFO] [stderr]    Compiling log v0.3.9
[INFO] [stdout] error: no rules expected the token `flags`
[INFO] [stdout]    --> /opt/rustwide/cargo-home/registry/src/github.com-1ecc6299db9ec823/xml-rs-0.1.26/src/writer/emitter.rs:115:5
[INFO] [stdout]     |
[INFO] [stdout] 115 |     flags IndentFlags: u8 {
[INFO] [stdout]     |     ^^^^^ no rules expected this token in macro call
[INFO] [stdout] 
[INFO] [stdout] 
[INFO] [stderr]    Compiling wayland-scanner v0.5.11
[INFO] [stdout] error[E0433]: failed to resolve: use of undeclared type or module `IndentFlags`
[INFO] [stdout]   --> /opt/rustwide/cargo-home/registry/src/github.com-1ecc6299db9ec823/xml-rs-0.1.26/src/writer/emitter.rs:77:32
[INFO] [stdout]    |
[INFO] [stdout] 77 |             indent_stack: vec!(IndentFlags::empty()),
[INFO] [stdout]    |                                ^^^^^^^^^^^ use of undeclared type or module `IndentFlags`
[INFO] [stdout] 
[INFO] [stdout] 
[INFO] [stdout] error[E0412]: cannot find type `IndentFlags` in this scope
[INFO] [stdout]   --> /opt/rustwide/cargo-home/registry/src/github.com-1ecc6299db9ec823/xml-rs-0.1.26/src/writer/emitter.rs:64:23
[INFO] [stdout]    |
[INFO] [stdout] 58 | pub struct Emitter {
[INFO] [stdout]    |                   - help: you might be missing a type parameter: `<IndentFlags>`
[INFO] [stdout] ...
[INFO] [stdout] 64 |     indent_stack: Vec<IndentFlags>,
[INFO] [stdout]    |                       ^^^^^^^^^^^ not found in this scope
[INFO] [stdout] 
[INFO] [stdout] 
[INFO] [stdout] error[E0425]: cannot find value `WROTE_TEXT` in this scope
[INFO] [stdout]    --> /opt/rustwide/cargo-home/registry/src/github.com-1ecc6299db9ec823/xml-rs-0.1.26/src/writer/emitter.rs:131:52
[INFO] [stdout]     |
[INFO] [stdout] 131 |         self.indent_stack.last().unwrap().contains(WROTE_TEXT)
[INFO] [stdout]     |                                                    ^^^^^^^^^^ not found in this scope
[INFO] [stdout] 
[INFO] [stdout] 
[INFO] [stdout] error[E0425]: cannot find value `WROTE_MARKUP` in this scope
[INFO] [stdout]    --> /opt/rustwide/cargo-home/registry/src/github.com-1ecc6299db9ec823/xml-rs-0.1.26/src/writer/emitter.rs:136:52
[INFO] [stdout]     |
[INFO] [stdout] 136 |         self.indent_stack.last().unwrap().contains(WROTE_MARKUP)
[INFO] [stdout]     |                                                    ^^^^^^^^^^^^ not found in this scope
[INFO] [stdout] 
[INFO] [stdout] 
[INFO] [stdout] error[E0425]: cannot find value `WROTE_TEXT` in this scope
[INFO] [stdout]    --> /opt/rustwide/cargo-home/registry/src/github.com-1ecc6299db9ec823/xml-rs-0.1.26/src/writer/emitter.rs:141:50
[INFO] [stdout]     |
[INFO] [stdout] 141 |         *self.indent_stack.last_mut().unwrap() = WROTE_TEXT;
[INFO] [stdout]     |                                                  ^^^^^^^^^^ not found in this scope
[INFO] [stdout] 
[INFO] [stdout] 
[INFO] [stdout] error[E0425]: cannot find value `WROTE_MARKUP` in this scope
[INFO] [stdout]    --> /opt/rustwide/cargo-home/registry/src/github.com-1ecc6299db9ec823/xml-rs-0.1.26/src/writer/emitter.rs:146:50
[INFO] [stdout]     |
[INFO] [stdout] 146 |         *self.indent_stack.last_mut().unwrap() = WROTE_MARKUP;
[INFO] [stdout]     |                                                  ^^^^^^^^^^^^ not found in this scope
[INFO] [stdout] 
[INFO] [stdout] 
[INFO] [stdout] error[E0425]: cannot find value `WROTE_NOTHING` in this scope
[INFO] [stdout]    --> /opt/rustwide/cargo-home/registry/src/github.com-1ecc6299db9ec823/xml-rs-0.1.26/src/writer/emitter.rs:151:50
[INFO] [stdout]     |
[INFO] [stdout] 151 |         *self.indent_stack.last_mut().unwrap() = WROTE_NOTHING;
[INFO] [stdout]     |                                                  ^^^^^^^^^^^^^ not found in this scope
[INFO] [stdout] 
[INFO] [stdout] 
[INFO] [stdout] error[E0425]: cannot find value `WROTE_NOTHING` in this scope
[INFO] [stdout]    --> /opt/rustwide/cargo-home/registry/src/github.com-1ecc6299db9ec823/xml-rs-0.1.26/src/writer/emitter.rs:179:32
[INFO] [stdout]     |
[INFO] [stdout] 179 |         self.indent_stack.push(WROTE_NOTHING);
[INFO] [stdout]     |                                ^^^^^^^^^^^^^ not found in this scope
[INFO] [stdout] 
[INFO] [stdout] 
[INFO] [stderr]     Checking flate2 v1.0.17
[INFO] [stderr]    Compiling rand_os v0.1.3
[INFO] [stdout] error: aborting due to 9 previous errors
[INFO] [stdout] 
[INFO] [stdout] 
[INFO] [stdout] Some errors have detailed explanations: E0412, E0425, E0433.
[INFO] [stdout] 
[INFO] [stdout] For more information about an error, try `rustc --explain E0412`.
[INFO] [stdout] 
[INFO] [stderr] error: could not compile `xml-rs`.
[INFO] [stderr] 
[INFO] [stderr] To learn more, run the command again with --verbose.
[INFO] [stderr] warning: build failed, waiting for other jobs to finish...
[INFO] [stderr] error: build failed
[INFO] running `Command { std: "docker" "inspect" "2096e1176a0e3e31e601a71eb8855768eb0b5c591b509767f285349aa8178bf7", kill_on_drop: false }`
[INFO] running `Command { std: "docker" "rm" "-f" "2096e1176a0e3e31e601a71eb8855768eb0b5c591b509767f285349aa8178bf7", kill_on_drop: false }`
[INFO] [stdout] 2096e1176a0e3e31e601a71eb8855768eb0b5c591b509767f285349aa8178bf7
